p) = p**3 + 48*p**2 - 621*p - 29853. Give h(-48).
-45
Let h(w) = 21*w**2 + 4922*w + 25881. Calculate h(-229).
4
Let n(x) = 2*x**3 - 49*x**2 - 953*x + 36. Give n(-13).
-250
Let u(m) = -298975*m + 2690758. Give u(9).
-17
Let c(l) = -5*l**3 + 30*l**2 + 462*l - 113. Determine c(13).
-22
Let n(b) = 362*b - 2884. Determine n(4).
-1436
Let w(u) = 421*u**2 + 10945*u - 31. What is w(-26)?
-5
Let g(p) = 18*p + 171. What is g(30)?
711
Let w(p) = -2*p**3 - 56*p**2 + 61*p + 61. Determine w(-29).
-26
Let u(l) = -l**2 + 202*l + 21547. What is u(-77)?
64
Let n(v) = -1480*v - 1058. What is n(0)?
-1058
Let u(m) = -5*m**3 - 4*m**2 - 507*m - 503. Calculate u(-1).
5
Let o(t) = -2*t**3 + 42*t**2 - 64*t - 13. What is o(19)?
215
Let w(d) = -578*d + 5619. Give w(9).
417
Let d(g) = -60791*g - 4437785. Determine d(-73).
-42
Let u(b) = 2*b**2 - 332*b - 1301652. What is u(-728)?
12
Let n(d) = d**3 - 14*d**2 - 50*d - 13. Give n(17).
4
Let k(g) = -28*g**2 - 1092*g + 15399. What is k(-50)?
-1
Let f(t) = 2*t**2 + 40*t - 455. What is f(26)?
1937
Let j(h) = 504748*h + 2523730. Give j(-5).
-10
Let b(h) = -17665*h + 123739. What is b(7)?
84
Let a(b) = -b**2 - 12*b + 68. What is a(-14)?
40
Let f(z) = 1202*z - 247623. Determine f(206).
-11
Let f(t) = 36*t**2 + 4368*t + 54093. Determine f(-14).
-3
Let v(q) = 661*q**2 - 115677*q + 354. What is v(175)?
4
Let c(j) = -87329*j + 87892. What is c(1)?
563
Let o(b) = -b**2 - 71*b + 1164. Calculate o(-86).
-126
Let z(y) = -y**3 - 187*y**2 + 56*y - 24829. Calculate z(-188).
-13
Let j(n) = 3*n**3 - 49*n**2 - 30*n + 31. Determine j(18).
1111
Let a(y) = 177*y**2 - 4383*y + 3249. What is a(24)?
9
Let y(c) = -4*c**2 - 11403*c - 45584. Give y(-4).
-36
Let u(r) = -r**3 - 106*r**2 - 827*r + 4374. Calculate u(-97).
-88
Let s(q) = 963*q**2 - 342830*q + 708. Determine s(356).
-4
Let k(h) = -1568*h + 1494. Calculate k(1).
-74
Let v(b) = 11*b**3 - 5*b**2 + 124*b - 266. Calculate v(2).
50
Let c(m) = -m**2 - 8717*m - 312755. What is c(-36)?
-239
Let g(a) = -55503*a - 222175. Calculate g(-4).
-163
Let p(c) = -368*c + 4053. Give p(11).
5
Let h(k) = 16468*k + 98871. What is h(-6)?
63
Let j(c) = -c**3 + 69*c**2 + 113*c + 459. Give j(71).
-1600
Let c(r) = -r**3 - 73*r**2 - 458*r - 27798. What is c(-72)?
-6
Let z(x) = -3357*x + 16801. Determine z(5).
16
Let m(u) = -196*u - 10077. Calculate m(-56).
899
Let i(b) = b**3 + 10*b**2 + 1134*b + 10976. Calculate i(-10).
-364
Let p(a) = 7194*a - 805733. Give p(112).
-5
Let x(m) = -51*m**2 + 739*m - 298. What is x(14)?
52
Let v(o) = 306910*o - 3989777. What is v(13)?
53
Let r(u) = -52*u**2 + 813*u + 314. What is r(16)?
10
Let k(z) = -12164*z + 134113. Determine k(11).
309
Let k(u) = -u**2 - 35*u + 212. What is k(9)?
-184
Let s(z) = 404*z**3 - 3229*z**2 - 3*z - 170. Calculate s(8).
-2
Let w(x) = 3*x**3 - 56*x**2 + 33*x + 59. What is w(19)?
1047
Let z(a) = -779*a - 16353. Calculate z(-21).
6
Let h(a) = 2*a**3 - 463*a**2 - 14240*a - 1301. Calculate h(259).
-6
Let a(i) = -i**3 - 19*i**2 + 202*i + 4015. Determine a(-17).
3
Let q(m) = m**2 - 8801*m - 1653248. Give q(-184).
-8
Let w(t) = t**3 - 65*t**2 + 4*t - 535. Calculate w(65).
-275
Let n(f) = f**3 - 306*f**2 - 275803*f + 1979. What is n(700)?
-121
Let v(u) = 5*u**3 + 103*u**2 + 18*u - 854. Determine v(-20).
-14
Let a(f) = 141*f**2 + 3497*f - 505. Give a(-25).
195
Let g(x) = 24*x**2 - 11796*x - 17537. What is g(493)?
211
Let b(m) = -98*m**2 - 571*m + 846. Determine b(-7).
41
Let h(s) = s**2 + 3386*s - 33971. Give h(10).
-11
Let g(q) = -2*q**2 - 4874*q + 39143. Determine g(8).
23
Let r(k) = 2*k**2 + 43*k + 232. Determine r(-26).
466
Let c(h) = -h**3 - 586*h**2 - 48218*h - 526. Give c(-99).
-31
Let p(h) = 17419*h - 226464. Give p(13).
-17
Let s(w) = w**3 - 432*w**2 + 15669*w + 4321. Determine s(392).
9
Let n(q) = -q**3 - 68*q**2 - 259*q + 38. Calculate n(-64).
230
Let h(o) = 13*o**3 - 9709*o**2 + 29120*o + 6. Determine h(3).
336
Let z(m) = -9*m**2 + 374*m - 537. What is z(40)?
23
Let g(a) = -11351*a - 340540. Give g(-30).
-10
Let m(f) = -2*f**3 - 19*f**2 + 2859*f + 33590. Calculate m(-12).
2
Let u(k) = 2*k**3 - 52*k**2 + 435*k - 1192. What is u(13)?
69
Let w(f) = -177*f - 46532. Determine w(-262).
-158
Let h(m) = 16*m**3 - 42*m**2 - 48*m - 1. Calculate h(-1).
-11
Let j(y) = 2*y**3 + 2*y**2 - 25*y. What is j(-4)?
4
Let o(l) = -3*l**2 - 66*l - 720. Give o(-16).
-432
Let d(y) = -3035*y - 103197. Determine d(-34).
-7
Let c(t) = 11*t**3 + 53*t**2 - 23*t - 57. Calculate c(-5).
8
Let p(g) = -8*g**2 - 306*g - 424. What is p(-33)?
962
Let x(q) = -27193*q - 11665796. Give x(-429).
1
Let c(r) = r**3 + 15*r**2 - 225*r - 247. Give c(10).
3
Let y(n) = -n**3 - 11306*n**2 - 67801*n + 7. What is y(-6)?
13
Let g(o) = -1824*o - 658461. What is g(-361)?
3
Let m(d) = -17*d**2 + 654*d - 1526. Determine m(36).
-14
Let m(y) = -1252*y + 8848. Give m(7).
84
Let p(x) = x**3 + 273*x**2 + 2649*x + 5028. Calculate p(-263).
31
Let b(n) = -n**3 - 3*n**2 - 13*n + 726. What is b(-8)?
1150
Let k(s) = -28*s**2 + 93*s - 246. Calculate k(5).
-481
Let x(u) = -17*u**3 - 588*u**2 - 1902*u - 99. What is x(-31)?
242
Let o(r) = -2*r**2 - 767*r - 66600. Calculate o(-133).
33
Let q(g) = -14*g**2 - 572*g - 776. Determine q(-41).
-858
Let j(v) = v**3 + 57*v**2 + 381*v + 3740. Give j(-51).
-85
Let p(k) = 4*k**3 + 200*k**2 - 172*k - 18036. What is p(-49)?
-4
Let t(p) = -2*p**3 + 95*p**2 + 180*p + 185. Calculate t(49).
1802
Let n(j) = 2275*j + 38655. What is n(-17)?
-20
Let b(t) = -t**3 + 46*t**2 - 253*t + 436. Calculate b(5).
196
Let i(u) = 10977*u + 625693. What is i(-57)?
4
Let x(z) = -36*z**2 - 2053*z + 115. Calculate x(-56).
2187
Let k(j) = 56*j**2 - 5542*j - 244. Determine k(99).
-46
Let r(n) = 25064*n + 301007. Calculate r(-12).
239
Let q(t) = 5*t**2 - 1011*t - 7881. Determine q(211).
1403
Let s(h) = -772145*h + 1544254. Determine s(2).
-36
Let w(a) = -4*a**3 - 40*a**2 + 2217*a + 299. What is w(-29)?
-78
Let f(p) = -15*p**3 - 120*p**2 + 79*p + 627. Give f(-8).
-5
Let c(i) = -4*i**2 - 240*i + 4367. Calculate c(18).
-1249
Let l(k) = 247*k + 3357. Calculate l(-26).
-3065
Let c(i) = -15012*i - 540438. What is c(-36)?
-6
Let y(m) = -3*m**3 - 327*m**2 + 147*m + 16035. Determine y(-109).
12
Let m(g) = 117257*g - 351749. Give m(3).
22
Let c(t) = t**2 + 6967*t + 835080. Determine c(-122).
-10
Let o(g) = 1136*g**2 + 1144*g - 6. Give o(-1).
-14
Let m(w) = -16*w**2 - 621*w + 6849. Determine m(9).
-36
Let q(c) = 4*c**3 - 79*c**2 + 303*c - 55. Calculate q(15).
215
Let p(a) = -a**3 - 7166*a**2 + 1045180*a + 1001. Give p(143).
0
Let i(k) = 2501*k - 26501. Determine i(11).
1010
Let y(z) = 10*z**3 + 379*z**2 - 32*z + 147. Determine y(-38).
-81
Let q(n) = -1878*n**3 + 7521*n**2 + 2*n - 23. Determine q(4).
129
Let w(y) = 2*y**2 - 42*y + 55. What is w(10)?
-165
Let a(r) = 910103*r - 22752572. Give a(25).
3
Let j(s) = s**3 - 2*s**2 - 2*s - 167. Give j(0).
-167
Let z(g) = 21666*g - 281664. Determine z(13).
-6
Let d(y) = 885436*y - 3541762. Give d(4).
-18
Let a(m) = 1297*m - 8880. Calculate a(7).
199
Let k(u) = -1648*u + 54228. Determine k(33).
-156
Let y(a) = -9*a**3 - a**2 - 5*a - 953. Give y(0).
-953
Let n(v) = 514098*v + 4626897. Give n(-9).
15
Let r(m) = -m**3 + 24*m**2 + 63*m - 2234. What is r(11)?
32
Let p(u) = -u**3 - 71*u**2 - 4935*u - 340555. Calculate p(-70).
-5
Let h(f) = 250*f**2 - 2457*f + 15. Calculate h(10).
445
Let o(u) = 2653*u + 18496. What is o(-7)?
-75
Let z(y) = -86*y + 795. Give z(13).
-323
Let x(a) = -31*a**3 + 186*a**2 + 22*a - 145. Give x(6).
-13
Let i(x) = 18*x - 3723. What is i(75)?
-2373
Let i(j) = 61*j**3 - 326*j**2 - 17*j - 39. Calculate i(5).
-649
Let w(g) = 439*g - 4759. Calculate w(13).
948
Let b(c) = 3*c**3 + 561*c**2 + 49*c + 9438. Determine b(-187).
275
Let p(h) = -2*h**3 - 146*h**2 + 148*h - 248. Calculate p(-74).
-248
Let a(j) = j**2 + 26689*j + 266844. Calculate a(-10).
54
Let j(x) = 13277*x + 1314416. Calculate j(-99).
-7
Let i(q) = -7*q**3 + 45*q**2 + 21*q - 360. Calculate i(5).
-5
Let h(d) = -d**3 + 16*d**2 - 59*d + 551. Determine h(15).
-109
Let k(x) = 8*x**3 - 13*x**2 - 65*x - 114. Determine k(-8).
-4522
Let v(l) = -l**3 + 882*l**2 - 10038*l - 4812. Determine v(12).
12
Let h(w) = 82*w**3 + 213*w**2 - 99*w - 4. Give h(-3).
-4
Let c(u) = u**3 + 241*u**2 + 618*u - 22800. Determine c(-238).
48
Let c